{"id":699,"date":"2020-12-10T09:31:36","date_gmt":"2020-12-10T12:31:36","guid":{"rendered":"https:\/\/leticiamatos.com.br\/index.php\/produto\/colorful-birdies-on-orange-bandana\/"},"modified":"2024-01-23T17:28:49","modified_gmt":"2024-01-23T20:28:49","slug":"ortodontia-para-criancas","status":"publish","type":"product","link":"https:\/\/leticiamatos.com.br\/index.php\/produto\/ortodontia-para-criancas\/","title":{"rendered":"Ortodontia para crian\u00e7as"},"content":{"rendered":"<p>O cuidado com os dentes na inf\u00e2ncia proporciona v\u00e1rios benef\u00edcios na fase adulta! O tratamento para crian\u00e7as pode ser preventivo, interceptativo ou corretivo, atrav\u00e9s de aparelhos fixos e\/ou remov\u00edveis.<\/p>\n<p>A ortodontia interceptiva, como o nome sugere, interv\u00e9m no caso de um mal desenvolvimento da arcada dent\u00e1ria da crian\u00e7a, minimizando a complexidade dos tratamentos na fase adolescente e adulta. S\u00e3o alguns exemplos onde este tratamento se torna necess\u00e1rio:<\/p>\n<ul>\n<li>Falta de harmonia facial<\/li>\n<li>Dentes mal alinhados crescendo fora da posi\u00e7\u00e3o<\/li>\n<li>Desenvolvimento desigual da mand\u00edbula (inferior) e maxila (superior)<\/li>\n<li>Aus\u00eancia de dentes<\/li>\n<\/ul>\n<p>A Ortodontia preventiva atua para evitar ou corrigir na inf\u00e2ncia, problemas\u00a0 nas arcadas dent\u00e1rias e nos ossos da face como a m\u00e1 oclus\u00e3o dental (alinhamento anormal dos dentes) ou dentes tortos. Evita-se assim a necessidade de tratamentos mais complexos posteriormente.<\/p>\n<p>&nbsp;<\/p>\n<hr \/>\n","protected":false},"excerpt":{"rendered":"<p><em><strong>Cuidando com carinho!!!<\/strong><\/em><\/p>\n<p>Voc\u00ea j\u00e1 parou pra pensar o quanto seu filho cresce em apenas 6 meses? N\u00e3o importa a idade! As altera\u00e7\u00f5es faciais e dent\u00e1rias est\u00e3o acontecendo a todo momento!<br \/>\nPor isso, \u00e9 necess\u00e1ria uma avalia\u00e7\u00e3o precoce com o ortodontista, em torno de 5 a 6 anos, principalmente se voc\u00eas (pais) ou odontopediatra notam alguma altera\u00e7\u00e3o.<br \/>\nA inten\u00e7\u00e3o nessa idade \u00e9 a preven\u00e7\u00e3o de problemas futuros!<\/p>\n<p><strong>\u00a0<\/strong><\/p>\n","protected":false},"featured_media":1953,"template":"","meta":{"om_disable_all_campaigns":false,"_monsterinsights_skip_tracking":false,"_monsterinsights_sitenote_active":false,"_monsterinsights_sitenote_note":"","_monsterinsights_sitenote_category":0,"site-sidebar-layout":"default","site-content-layout":"default","ast-global-header-display":"","ast-main-header-display":"","ast-hfb-above-header-display":"","ast-hfb-below-header-display":"","ast-hfb-mobile-header-display":"","site-post-title":"","ast-breadcrumbs-content":"","ast-featured-img":"","footer-sml-layout":"","theme-transparent-header-meta":"default","adv-header-id-meta":"","stick-header-meta":"default","header-above-stick-meta":"","header-main-stick-meta":"","header-below-stick-meta":""},"product_brand":[],"product_cat":[23,63],"product_tag":[64,67,66,65],"class_list":{"0":"post-699","1":"product","2":"type-product","3":"status-publish","4":"has-post-thumbnail","6":"product_cat-clareamento-dental","7":"product_cat-tratamentos-ortodontologicos","8":"product_tag-ortodontia-e-ortopedia","9":"product_tag-ortodontia-interceptativa","10":"product_tag-ortodontia-preventiva","11":"product_tag-preventiva-e-interceptativa","12":"align-left","13":"box-shadow-2","14":"box-shadow-5-hover","15":"ast-product-gallery-layout-first-image-large","16":"ast-product-tabs-layout-horizontal","18":"first","19":"instock","20":"shipping-taxable","21":"product-type-simple"},"aioseo_notices":[],"_links":{"self":[{"href":"https:\/\/leticiamatos.com.br\/index.php\/wp-json\/wp\/v2\/product\/699","targetHints":{"allow":["GET"]}}],"collection":[{"href":"https:\/\/leticiamatos.com.br\/index.php\/wp-json\/wp\/v2\/product"}],"about":[{"href":"https:\/\/leticiamatos.com.br\/index.php\/wp-json\/wp\/v2\/types\/product"}],"version-history":[{"count":15,"href":"https:\/\/leticiamatos.com.br\/index.php\/wp-json\/wp\/v2\/product\/699\/revisions"}],"predecessor-version":[{"id":2369,"href":"https:\/\/leticiamatos.com.br\/index.php\/wp-json\/wp\/v2\/product\/699\/revisions\/2369"}],"wp:featuredmedia":[{"embeddable":true,"href":"https:\/\/leticiamatos.com.br\/index.php\/wp-json\/wp\/v2\/media\/1953"}],"wp:attachment":[{"href":"https:\/\/leticiamatos.com.br\/index.php\/wp-json\/wp\/v2\/media?parent=699"}],"wp:term":[{"taxonomy":"product_brand","embeddable":true,"href":"https:\/\/leticiamatos.com.br\/index.php\/wp-json\/wp\/v2\/product_brand?post=699"},{"taxonomy":"product_cat","embeddable":true,"href":"https:\/\/leticiamatos.com.br\/index.php\/wp-json\/wp\/v2\/product_cat?post=699"},{"taxonomy":"product_tag","embeddable":true,"href":"https:\/\/leticiamatos.com.br\/index.php\/wp-json\/wp\/v2\/product_tag?post=699"}],"curies":[{"name":"wp","href":"https:\/\/api.w.org\/{rel}","templated":true}]}}