{"id":2340,"date":"2024-01-23T13:57:47","date_gmt":"2024-01-23T16:57:47","guid":{"rendered":"https:\/\/leticiamatos.com.br\/?post_type=product&#038;p=2340"},"modified":"2024-01-23T16:37:05","modified_gmt":"2024-01-23T19:37:05","slug":"aparelho-movel-estetico-2","status":"publish","type":"product","link":"https:\/\/leticiamatos.com.br\/index.php\/produto\/aparelho-movel-estetico-2\/","title":{"rendered":"Aparelho M\u00f3vel Est\u00e9tico"},"content":{"rendered":"<p>H\u00e1 no mercado v\u00e1rias marcas desses aparelhos como Invisalign, Spark, Clear Aligner, Orthoaligner, Essix, Esthetic Aligner, Smart Aliner, SouSmile&#8230;. Por\u00e9m, a escolha ideal, para voc\u00ea, depende da quantidade e tipo de movimenta\u00e7\u00e3o dent\u00e1ria necess\u00e1ria, e experiencia do seu Ortodontista, para transformar seu sorriso.<\/p>\n<ul>\n<li>DISCRETO, \u00e9 dif\u00edcil algu\u00e9m notar que voc\u00ea est\u00e1 em tratamento!<\/li>\n<li>Proporcionam melhor HIGIENE no dia-a-dia, pois voc\u00ea pode retirar os alinhadores para comer, escovar os dentes e passar o fio dental;<\/li>\n<li>Sem fios ou metais, proporcionando menos risco de alergia e melhor EST\u00c9TICA;<\/li>\n<li>A cada troca de alinhadores haver\u00e1 o movimento gradual de seus dentes, ou seja, maior CONFORTO. Os movimentos leves e cont\u00ednuos s\u00e3o ben\u00e9ficos no sentido biol\u00f3gico tamb\u00e9m, com menores danos nas ra\u00edzes e estruturas ao redor dos dentes.<\/li>\n<li>Menos idas ao consult\u00f3rio, poupando seu TEMPO! Como \u00e9 um aparelho que n\u00e3o machuca os l\u00e1bios e l\u00edngua, tem menos emerg\u00eancias de atendimentos. Al\u00e9m disso, com um planejamento inteligente, a dra Leticia programa as consultas em momentos espec\u00edficos, de acordo com a movimenta\u00e7\u00e3o. N\u00e3o necessitando ir ao Ortodontista todo m\u00eas.<\/li>\n<\/ul>\n<p>Ap\u00f3s o escaneamento digital da sua arcada dent\u00e1ria, e analisar suas fotos e RX, o Ortodontista planeja os passos do seu tratamento e s\u00e3o confeccionados na impressora 3D v\u00e1rios alinhadores transparentes. Cada alinhador deve ser utilizado por 20 horas di\u00e1rias, seguindo uma sequ\u00eancia pr\u00e9-planejada. Assim, acontece o movimento gradual de seus dentes, at\u00e9 alcan\u00e7ar o sorriso final.<\/p>\n<p>O\u00a0<a href=\"https:\/\/www.invisalign.com.br\/\">Invisalign<\/a>\u00a0\u00e9 o modelo de aparelho m\u00f3vel est\u00e9tico ortod\u00f4ntico (transparente) mais conhecido!\u00a0 Possui uma tecnologia muito avan\u00e7ada.<\/p>\n<p>Por\u00e9m, o aparelho \u00e9 apenas o instrumento de trabalho do Ortodontista. O mais importante, em seu tratamento, \u00e9 ser bem planejado por um Ortodontista experiente, em rela\u00e7\u00e3o aos casos tratados e tipos de aparelhos.<\/p>\n<p>Os Benef\u00edcios do Alinhador Est\u00e9tico:<\/p>\n<ul>\n<li>Por ser pioneiro, tem uma tecnologia mais consolidada;<\/li>\n<li>Muito confort\u00e1vel e por isso de mais f\u00e1cil adapta\u00e7\u00e3o e menos dolorido que os demais aparelhos;<\/li>\n<li>Menor tempo de tratamento;<\/li>\n<li>Higieniza\u00e7\u00e3o normal uma vez que os alinhadores dent\u00e1rios s\u00e3o remov\u00edveis;<\/li>\n<li>Por ser transparente, \u00e9 muito discreto;<\/li>\n<li>Diminui a necessidade de visitas para a manuten\u00e7\u00e3o;<\/li>\n<li>Muito eficaz: s\u00f3 pode ser utilizada por profissionais especializados (ortodontistas) treinados e qualificados para o uso da tecnologia.<\/li>\n<\/ul>\n<p>&nbsp;<\/p>\n<hr \/>\n","protected":false},"excerpt":{"rendered":"<p><strong>Livre para escovar, comer e sorrir!<\/strong><\/p>\n<p><strong><em>S\u00e3o Alinhadores dentais discretos, confeccionados com material TRANSPARENTE e REMOV\u00cdVEL! Podem ser retirados na hora da alimenta\u00e7\u00e3o e escova\u00e7\u00e3o, permitindo uma higiene bucal excelente durante todo o seu tratamento. <\/em><\/strong><\/p>\n<p>Uma sequ\u00eancia de alinhadores, pr\u00e9-planejadas, especificamente para voc\u00ea, reposicionam seus dentes, passo a passo, at\u00e9 alcan\u00e7ar seu sorriso ideal!<\/p>\n<p>Imposs\u00edvel n\u00e3o amar!<\/p>\n","protected":false},"featured_media":2301,"template":"","meta":{"om_disable_all_campaigns":false,"_monsterinsights_skip_tracking":false,"_monsterinsights_sitenote_active":false,"_monsterinsights_sitenote_note":"","_monsterinsights_sitenote_category":0,"site-sidebar-layout":"default","site-content-layout":"default","ast-global-header-display":"","ast-main-header-display":"","ast-hfb-above-header-display":"","ast-hfb-below-header-display":"","ast-hfb-mobile-header-display":"","site-post-title":"","ast-breadcrumbs-content":"","ast-featured-img":"","footer-sml-layout":"","theme-transparent-header-meta":"default","adv-header-id-meta":"","stick-header-meta":"default","header-above-stick-meta":"","header-main-stick-meta":"","header-below-stick-meta":""},"product_brand":[],"product_cat":[62,43],"product_tag":[52,53,69],"class_list":{"0":"post-2340","1":"product","2":"type-product","3":"status-publish","4":"has-post-thumbnail","6":"product_cat-aparelhos","7":"product_cat-ortodontia-estetica","8":"product_tag-alinhadores-esteticos","9":"product_tag-aparelho-invisivel","10":"product_tag-invisalign","11":"align-left","12":"box-shadow-2","13":"box-shadow-5-hover","14":"ast-product-gallery-layout-first-image-large","15":"ast-product-tabs-layout-horizontal","17":"first","18":"instock","19":"shipping-taxable","20":"product-type-simple"},"aioseo_notices":[],"_links":{"self":[{"href":"https:\/\/leticiamatos.com.br\/index.php\/wp-json\/wp\/v2\/product\/2340","targetHints":{"allow":["GET"]}}],"collection":[{"href":"https:\/\/leticiamatos.com.br\/index.php\/wp-json\/wp\/v2\/product"}],"about":[{"href":"https:\/\/leticiamatos.com.br\/index.php\/wp-json\/wp\/v2\/types\/product"}],"version-history":[{"count":5,"href":"https:\/\/leticiamatos.com.br\/index.php\/wp-json\/wp\/v2\/product\/2340\/revisions"}],"predecessor-version":[{"id":2343,"href":"https:\/\/leticiamatos.com.br\/index.php\/wp-json\/wp\/v2\/product\/2340\/revisions\/2343"}],"wp:featuredmedia":[{"embeddable":true,"href":"https:\/\/leticiamatos.com.br\/index.php\/wp-json\/wp\/v2\/media\/2301"}],"wp:attachment":[{"href":"https:\/\/leticiamatos.com.br\/index.php\/wp-json\/wp\/v2\/media?parent=2340"}],"wp:term":[{"taxonomy":"product_brand","embeddable":true,"href":"https:\/\/leticiamatos.com.br\/index.php\/wp-json\/wp\/v2\/product_brand?post=2340"},{"taxonomy":"product_cat","embeddable":true,"href":"https:\/\/leticiamatos.com.br\/index.php\/wp-json\/wp\/v2\/product_cat?post=2340"},{"taxonomy":"product_tag","embeddable":true,"href":"https:\/\/leticiamatos.com.br\/index.php\/wp-json\/wp\/v2\/product_tag?post=2340"}],"curies":[{"name":"wp","href":"https:\/\/api.w.org\/{rel}","templated":true}]}}