{"id":406,"date":"2020-12-10T00:55:27","date_gmt":"2020-12-10T03:55:27","guid":{"rendered":"https:\/\/leticiamatos.com.br\/index.php\/about-us\/"},"modified":"2024-02-28T12:00:39","modified_gmt":"2024-02-28T15:00:39","slug":"quem-somos","status":"publish","type":"page","link":"https:\/\/leticiamatos.com.br\/index.php\/quem-somos\/","title":{"rendered":"Quem Somos"},"content":{"rendered":"\t\t<div data-elementor-type=\"wp-page\" data-elementor-id=\"406\" class=\"elementor elementor-406\">\n\t\t\t\t\t\t<section class=\"elementor-section elementor-top-section elementor-element elementor-element-54f5bc7 elementor-section-content-middle elementor-section-boxed elementor-section-height-default elementor-section-height-default\" data-id=\"54f5bc7\" data-element_type=\"section\" data-settings=\"{&quot;background_background&quot;:&quot;classic&quot;}\">\n\t\t\t\t\t\t\t<div class=\"elementor-background-overlay\"><\/div>\n\t\t\t\t\t\t\t<div class=\"elementor-container elementor-column-gap-no\">\n\t\t\t\t\t<div class=\"elementor-column elementor-col-100 elementor-top-column elementor-element elementor-element-0d27214\" data-id=\"0d27214\" data-element_type=\"column\">\n\t\t\t<div class=\"elementor-widget-wrap elementor-element-populated\">\n\t\t\t\t\t\t<div class=\"elementor-element elementor-element-957b799 elementor-widget elementor-widget-heading\" data-id=\"957b799\" data-element_type=\"widget\" data-widget_type=\"heading.default\">\n\t\t\t\t<div class=\"elementor-widget-container\">\n\t\t\t\t\t<h2 class=\"elementor-heading-title elementor-size-default\">Dra. Let\u00edcia Matos<\/h2>\t\t\t\t<\/div>\n\t\t\t\t<\/div>\n\t\t\t\t<div class=\"elementor-element elementor-element-bdb7e5a elementor-widget elementor-widget-heading\" data-id=\"bdb7e5a\" data-element_type=\"widget\" data-widget_type=\"heading.default\">\n\t\t\t\t<div class=\"elementor-widget-container\">\n\t\t\t\t\t<h3 class=\"elementor-heading-title elementor-size-default\">Ortodontia Especializada<\/h3>\t\t\t\t<\/div>\n\t\t\t\t<\/div>\n\t\t\t\t<div class=\"elementor-element elementor-element-efb3394 elementor-widget-divider--view-line elementor-widget elementor-widget-divider\" data-id=\"efb3394\" data-element_type=\"widget\" data-widget_type=\"divider.default\">\n\t\t\t\t<div class=\"elementor-widget-container\">\n\t\t\t\t\t\t\t<div class=\"elementor-divider\">\n\t\t\t<span class=\"elementor-divider-separator\">\n\t\t\t\t\t\t<\/span>\n\t\t<\/div>\n\t\t\t\t\t\t<\/div>\n\t\t\t\t<\/div>\n\t\t\t\t\t<\/div>\n\t\t<\/div>\n\t\t\t\t\t<\/div>\n\t\t<\/section>\n\t\t\t\t<section class=\"elementor-section elementor-top-section elementor-element elementor-element-e273695 elementor-section-boxed elementor-section-height-default elementor-section-height-default\" data-id=\"e273695\" data-element_type=\"section\" data-settings=\"{&quot;background_background&quot;:&quot;classic&quot;}\">\n\t\t\t\t\t\t<div class=\"elementor-container elementor-column-gap-no\">\n\t\t\t\t\t<div class=\"elementor-column elementor-col-50 elementor-top-column elementor-element elementor-element-276c943\" data-id=\"276c943\" data-element_type=\"column\">\n\t\t\t<div class=\"elementor-widget-wrap elementor-element-populated\">\n\t\t\t\t\t\t<div class=\"elementor-element elementor-element-bdda5df elementor-widget elementor-widget-image\" data-id=\"bdda5df\" data-element_type=\"widget\" data-widget_type=\"image.default\">\n\t\t\t\t<div class=\"elementor-widget-container\">\n\t\t\t\t\t\t\t\t\t\t\t\t\t\t\t<img fetchpriority=\"high\" decoding=\"async\" width=\"650\" height=\"650\" src=\"https:\/\/leticiamatos.com.br\/wp-content\/uploads\/2023\/03\/dra-leticia-matos-formacao-academica-650X650-e1689289131217.png\" class=\"attachment-full size-full wp-image-2216\" alt=\"\" srcset=\"https:\/\/leticiamatos.com.br\/wp-content\/uploads\/2023\/03\/dra-leticia-matos-formacao-academica-650X650-e1689289131217.png 650w, https:\/\/leticiamatos.com.br\/wp-content\/uploads\/2023\/03\/dra-leticia-matos-formacao-academica-650X650-e1689289131217-300x300.png 300w, https:\/\/leticiamatos.com.br\/wp-content\/uploads\/2023\/03\/dra-leticia-matos-formacao-academica-650X650-e1689289131217-150x150.png 150w, https:\/\/leticiamatos.com.br\/wp-content\/uploads\/2023\/03\/dra-leticia-matos-formacao-academica-650X650-e1689289131217-600x600.png 600w, https:\/\/leticiamatos.com.br\/wp-content\/uploads\/2023\/03\/dra-leticia-matos-formacao-academica-650X650-e1689289131217-100x100.png 100w\" sizes=\"(max-width: 650px) 100vw, 650px\" \/>\t\t\t\t\t\t\t\t\t\t\t\t\t\t\t<\/div>\n\t\t\t\t<\/div>\n\t\t\t\t\t<\/div>\n\t\t<\/div>\n\t\t\t\t<div class=\"elementor-column elementor-col-50 elementor-top-column elementor-element elementor-element-b46e6a6\" data-id=\"b46e6a6\" data-element_type=\"column\">\n\t\t\t<div class=\"elementor-widget-wrap elementor-element-populated\">\n\t\t\t\t\t\t<div class=\"elementor-element elementor-element-c6f4a82 elementor-widget elementor-widget-heading\" data-id=\"c6f4a82\" data-element_type=\"widget\" data-widget_type=\"heading.default\">\n\t\t\t\t<div class=\"elementor-widget-container\">\n\t\t\t\t\t<h3 class=\"elementor-heading-title elementor-size-default\">Forma\u00e7\u00e3o Acad\u00eamica<\/h3>\t\t\t\t<\/div>\n\t\t\t\t<\/div>\n\t\t\t\t<div class=\"elementor-element elementor-element-b5173c2 elementor-widget-divider--view-line elementor-widget elementor-widget-divider\" data-id=\"b5173c2\" data-element_type=\"widget\" data-widget_type=\"divider.default\">\n\t\t\t\t<div class=\"elementor-widget-container\">\n\t\t\t\t\t\t\t<div class=\"elementor-divider\">\n\t\t\t<span class=\"elementor-divider-separator\">\n\t\t\t\t\t\t<\/span>\n\t\t<\/div>\n\t\t\t\t\t\t<\/div>\n\t\t\t\t<\/div>\n\t\t\t\t<div class=\"elementor-element elementor-element-6491961 elementor-widget elementor-widget-text-editor\" data-id=\"6491961\" data-element_type=\"widget\" data-widget_type=\"text-editor.default\">\n\t\t\t\t<div class=\"elementor-widget-container\">\n\t\t\t\t\t\t\t\t\t<ul class=\"cv-experiencia\"><li>Credenciada na Invisalign desde 2012 &#8211; S\u00e3o Paulo &#8211; SP<\/li><li>P\u00f3s-Especializa\u00e7\u00e3o Ortodontia em Adultos &#8211; CETAO &#8211; SP<\/li><li>Aperfei\u00e7oamento Ortodontia Preventiva e Interceptativa (crian\u00e7as) &#8211; UFMG<\/li><li>Especializa\u00e7\u00e3o em Ortodontia &#8211; Universidade de Itauna &#8211; MG<\/li><li>Resid\u00eancia em Ortodontia Lingual. Curso Internacional de Biomec\u00e2nica Lingual com Hands-on &#8211; ABOL <\/li><li>Invisalign Sisters Emerald, com Dra Luciana e Marina Lara <\/li><li>Curso Avan\u00e7ado em Ortodontia Lingual &#8211; N\u00facleo de Estudos de Ortodontia Lingual &#8211; SP<\/li><li>Certifica\u00e7\u00e3o eBrace (Aparelho Lingual) &#8211; ABOL <\/li><li>Graduada em Odontologia pela Faculdade de Odontologia da UFMG<\/li><\/ul>\t\t\t\t\t\t\t\t<\/div>\n\t\t\t\t<\/div>\n\t\t\t\t\t<\/div>\n\t\t<\/div>\n\t\t\t\t\t<\/div>\n\t\t<\/section>\n\t\t\t\t<section class=\"elementor-section elementor-top-section elementor-element elementor-element-0e50c6f elementor-section-content-middle elementor-section-boxed elementor-section-height-default elementor-section-height-default\" data-id=\"0e50c6f\" data-element_type=\"section\" data-settings=\"{&quot;background_background&quot;:&quot;classic&quot;}\">\n\t\t\t\t\t\t\t<div class=\"elementor-background-overlay\"><\/div>\n\t\t\t\t\t\t\t<div class=\"elementor-container elementor-column-gap-no\">\n\t\t\t\t\t<div class=\"elementor-column elementor-col-100 elementor-top-column elementor-element elementor-element-7ef18af\" data-id=\"7ef18af\" data-element_type=\"column\">\n\t\t\t<div class=\"elementor-widget-wrap elementor-element-populated\">\n\t\t\t\t\t\t<section class=\"elementor-section elementor-inner-section elementor-element elementor-element-106f6e7 elementor-section-boxed elementor-section-height-default elementor-section-height-default\" data-id=\"106f6e7\" data-element_type=\"section\">\n\t\t\t\t\t\t<div class=\"elementor-container elementor-column-gap-no\">\n\t\t\t\t\t<div class=\"elementor-column elementor-col-50 elementor-inner-column elementor-element elementor-element-93de664\" data-id=\"93de664\" data-element_type=\"column\">\n\t\t\t<div class=\"elementor-widget-wrap elementor-element-populated\">\n\t\t\t\t\t\t<div class=\"elementor-element elementor-element-430efab elementor-widget elementor-widget-image\" data-id=\"430efab\" data-element_type=\"widget\" data-widget_type=\"image.default\">\n\t\t\t\t<div class=\"elementor-widget-container\">\n\t\t\t\t\t\t\t\t\t\t\t\t\t\t\t<img decoding=\"async\" width=\"650\" height=\"650\" src=\"https:\/\/leticiamatos.com.br\/wp-content\/uploads\/2023\/03\/dra-leticia-matos-formacao-profissional-650X650-Fliped.png\" class=\"attachment-large size-large wp-image-2217\" alt=\"\" srcset=\"https:\/\/leticiamatos.com.br\/wp-content\/uploads\/2023\/03\/dra-leticia-matos-formacao-profissional-650X650-Fliped.png 650w, https:\/\/leticiamatos.com.br\/wp-content\/uploads\/2023\/03\/dra-leticia-matos-formacao-profissional-650X650-Fliped-300x300.png 300w, https:\/\/leticiamatos.com.br\/wp-content\/uploads\/2023\/03\/dra-leticia-matos-formacao-profissional-650X650-Fliped-150x150.png 150w, https:\/\/leticiamatos.com.br\/wp-content\/uploads\/2023\/03\/dra-leticia-matos-formacao-profissional-650X650-Fliped-600x600.png 600w, https:\/\/leticiamatos.com.br\/wp-content\/uploads\/2023\/03\/dra-leticia-matos-formacao-profissional-650X650-Fliped-100x100.png 100w\" sizes=\"(max-width: 650px) 100vw, 650px\" \/>\t\t\t\t\t\t\t\t\t\t\t\t\t\t\t<\/div>\n\t\t\t\t<\/div>\n\t\t\t\t\t<\/div>\n\t\t<\/div>\n\t\t\t\t<div class=\"elementor-column elementor-col-50 elementor-inner-column elementor-element elementor-element-09bc288\" data-id=\"09bc288\" data-element_type=\"column\">\n\t\t\t<div class=\"elementor-widget-wrap elementor-element-populated\">\n\t\t\t\t\t\t<div class=\"elementor-element elementor-element-65ceb12 elementor-widget elementor-widget-heading\" data-id=\"65ceb12\" data-element_type=\"widget\" data-widget_type=\"heading.default\">\n\t\t\t\t<div class=\"elementor-widget-container\">\n\t\t\t\t\t<h3 class=\"elementor-heading-title elementor-size-default\">Forma\u00e7\u00e3o Profissional<\/h3>\t\t\t\t<\/div>\n\t\t\t\t<\/div>\n\t\t\t\t<div class=\"elementor-element elementor-element-a03f9ff elementor-widget elementor-widget-text-editor\" data-id=\"a03f9ff\" data-element_type=\"widget\" data-widget_type=\"text-editor.default\">\n\t\t\t\t<div class=\"elementor-widget-container\">\n\t\t\t\t\t\t\t\t\t<ul class=\"cv-experiencia\"><li style=\"text-align: left;\">Ortodontista em consult\u00f3rio odontol\u00f3gico na Vila Olimpia, S\u00e3o Paulo -SP<\/li><li style=\"text-align: left;\">Ex. Profa. Assistente do Curso de Resid\u00eancia em Ortodontia Lingual e Est\u00e9tica &#8211; UNICSUL -SP<\/li><li style=\"text-align: left;\">\u00a0Est\u00e1gio Internacional no consult\u00f3rio do Prof. Dr. Dirk Wiechmann &#8211; Alemanha (refer\u00eancia mundial em Ortodontia Lingual)<\/li><li style=\"text-align: left;\">MBA em Gest\u00e3o e Mercado para Profissionais da Saude &#8211; Grupo Caproni &#8211; S\u00e3o Paulo &#8211; SP<\/li><li style=\"text-align: left;\">\u00a0Curso As 7 For\u00e7as da Odontologia &#8211; Power Doctors<\/li><\/ul>\t\t\t\t\t\t\t\t<\/div>\n\t\t\t\t<\/div>\n\t\t\t\t\t<\/div>\n\t\t<\/div>\n\t\t\t\t\t<\/div>\n\t\t<\/section>\n\t\t\t\t\t<\/div>\n\t\t<\/div>\n\t\t\t\t\t<\/div>\n\t\t<\/section>\n\t\t\t\t<section class=\"elementor-section elementor-top-section elementor-element elementor-element-07a5f02 elementor-section-boxed elementor-section-height-default elementor-section-height-default\" data-id=\"07a5f02\" data-element_type=\"section\">\n\t\t\t\t\t\t<div class=\"elementor-container elementor-column-gap-default\">\n\t\t\t\t\t<div class=\"elementor-column elementor-col-100 elementor-top-column elementor-element elementor-element-1a1e5b6\" data-id=\"1a1e5b6\" data-element_type=\"column\">\n\t\t\t<div class=\"elementor-widget-wrap elementor-element-populated\">\n\t\t\t\t\t\t<div class=\"elementor-element elementor-element-d795baf elementor-widget elementor-widget-spacer\" data-id=\"d795baf\" data-element_type=\"widget\" data-widget_type=\"spacer.default\">\n\t\t\t\t<div class=\"elementor-widget-container\">\n\t\t\t\t\t\t\t<div class=\"elementor-spacer\">\n\t\t\t<div class=\"elementor-spacer-inner\"><\/div>\n\t\t<\/div>\n\t\t\t\t\t\t<\/div>\n\t\t\t\t<\/div>\n\t\t\t\t\t<\/div>\n\t\t<\/div>\n\t\t\t\t\t<\/div>\n\t\t<\/section>\n\t\t\t\t<\/div>\n\t\t","protected":false},"excerpt":{"rendered":"<p>Dra. Let\u00edcia Matos Ortodontia Especializada Forma\u00e7\u00e3o Acad\u00eamica Credenciada na Invisalign desde 2012 &#8211; S\u00e3o Paulo &#8211; SP P\u00f3s-Especializa\u00e7\u00e3o Ortodontia em Adultos &#8211; CETAO &#8211; SP Aperfei\u00e7oamento Ortodontia Preventiva e Interceptativa (crian\u00e7as) &#8211; UFMG Especializa\u00e7\u00e3o em Ortodontia &#8211; Universidade de Itauna &#8211; MG Resid\u00eancia em Ortodontia Lingual. Curso Internacional de Biomec\u00e2nica Lingual com Hands-on &#8211; ABOL &hellip;<\/p>\n<p class=\"read-more\"> <a class=\"\" href=\"https:\/\/leticiamatos.com.br\/index.php\/quem-somos\/\"> <span class=\"screen-reader-text\">Quem Somos<\/span> Leia mais &raquo;<\/a><\/p>\n","protected":false},"author":2,"featured_media":0,"parent":0,"menu_order":0,"comment_status":"closed","ping_status":"closed","template":"","meta":{"om_disable_all_campaigns":false,"_monsterinsights_skip_tracking":false,"_monsterinsights_sitenote_active":false,"_monsterinsights_sitenote_note":"","_monsterinsights_sitenote_category":0,"site-sidebar-layout":"no-sidebar","site-content-layout":"page-builder","ast-global-header-display":"","ast-main-header-display":"","ast-hfb-above-header-display":"","ast-hfb-below-header-display":"","ast-hfb-mobile-header-display":"","site-post-title":"disabled","ast-breadcrumbs-content":"","ast-featured-img":"disabled","footer-sml-layout":"","theme-transparent-header-meta":"enabled","adv-header-id-meta":"","stick-header-meta":"","header-above-stick-meta":"","header-main-stick-meta":"","header-below-stick-meta":"","footnotes":""},"class_list":["post-406","page","type-page","status-publish","hentry"],"aioseo_notices":[],"_links":{"self":[{"href":"https:\/\/leticiamatos.com.br\/index.php\/wp-json\/wp\/v2\/pages\/406","targetHints":{"allow":["GET"]}}],"collection":[{"href":"https:\/\/leticiamatos.com.br\/index.php\/wp-json\/wp\/v2\/pages"}],"about":[{"href":"https:\/\/leticiamatos.com.br\/index.php\/wp-json\/wp\/v2\/types\/page"}],"author":[{"embeddable":true,"href":"https:\/\/leticiamatos.com.br\/index.php\/wp-json\/wp\/v2\/users\/2"}],"replies":[{"embeddable":true,"href":"https:\/\/leticiamatos.com.br\/index.php\/wp-json\/wp\/v2\/comments?post=406"}],"version-history":[{"count":62,"href":"https:\/\/leticiamatos.com.br\/index.php\/wp-json\/wp\/v2\/pages\/406\/revisions"}],"predecessor-version":[{"id":2831,"href":"https:\/\/leticiamatos.com.br\/index.php\/wp-json\/wp\/v2\/pages\/406\/revisions\/2831"}],"wp:attachment":[{"href":"https:\/\/leticiamatos.com.br\/index.php\/wp-json\/wp\/v2\/media?parent=406"}],"curies":[{"name":"wp","href":"https:\/\/api.w.org\/{rel}","templated":true}]}}